{"id":2,"date":"2023-02-20T21:51:57","date_gmt":"2023-02-20T21:51:57","guid":{"rendered":"https:\/\/www.karantanija.org\/?page_id=2"},"modified":"2025-07-27T17:42:20","modified_gmt":"2025-07-27T17:42:20","slug":"sample-page","status":"publish","type":"page","link":"https:\/\/www.karantanija.org\/?page_id=2","title":{"rendered":"O nas"},"content":{"rendered":"\n<p>Smo organizacija, ki od leta 2003 deluje s srcem \u2013 za \u010dloveka v najte\u017ejih trenutkih \u017eivljenja. Na\u0161a vizija je ustvarjati prostor <strong>so\u010dutja, varnosti in dostojanstva<\/strong>, kjer nih\u010de ni sam, ne ob koncu poti in ne v boju s stiskami, ki jih prina\u0161ajo <strong>zasvojenosti<\/strong>.<\/p>\n\n\n\n<blockquote class=\"wp-block-quote is-layout-flow wp-block-quote-is-layout-flow\">\n<p>\ud83d\udd4a <strong>Hospic<\/strong> \u2013 spremljamo in podpiramo neozdravljivo bolne ter njihove svojce v zadnji fazi \u017eivljenja. Nudimo celostno paliativno oskrbo, psiholo\u0161ko in duhovno podporo ter pomo\u010d pri \u017ealovanju.<\/p>\n<\/blockquote>\n\n\n\n<p><\/p>\n\n\n\n<blockquote class=\"wp-block-quote is-layout-flow wp-block-quote-is-layout-flow\">\n<p>\ud83c\udf31 <strong>Pomo\u010d pri zasvojenostih<\/strong> \u2013 namenjena posameznikom in njihovim bli\u017enjim, ki se soo\u010dajo z razli\u010dnimi oblikami zasvojenosti. S strokovno podporo, svetovanjem in programi opolnomo\u010denja gradimo pot iz odvisnosti.<\/p>\n<\/blockquote>\n\n\n\n<p>Verjamemo v <strong>mo\u010d povezanosti, iskrenosti in strokovnosti<\/strong>. Vsaka pot do okrevanja ali umirjenega slovesa je unikatna \u2013 na\u0161e poslanstvo je, da jo so\u010dutno in odgovorno soustvarjamo z vami.<\/p>\n","protected":false},"excerpt":{"rendered":"<p>Smo organizacija, ki od leta 2003 deluje s srcem \u2013 za \u010dloveka v najte\u017ejih trenutkih \u017eivljenja. Na\u0161a vizija je ustvarjati prostor so\u010dutja, varnosti in dostojanstva, kjer nih\u010de ni sam, ne ob koncu poti in ne v boju s stiskami, ki jih prina\u0161ajo zasvojenosti. \ud83d\udd4a Hospic \u2013 spremljamo in podpiramo neozdravljivo bolne ter njihove svojce v &hellip; <a href=\"https:\/\/www.karantanija.org\/?page_id=2\" class=\"more-link\">Preberi ve\u010d o <span class=\"screen-reader-text\">O nas<\/span><\/a><\/p>\n","protected":false},"author":1,"featured_media":0,"parent":0,"menu_order":0,"comment_status":"closed","ping_status":"open","template":"","meta":{"footnotes":""},"class_list":["post-2","page","type-page","status-publish","hentry"],"_links":{"self":[{"href":"https:\/\/www.karantanija.org\/index.php?rest_route=\/wp\/v2\/pages\/2","targetHints":{"allow":["GET"]}}],"collection":[{"href":"https:\/\/www.karantanija.org\/index.php?rest_route=\/wp\/v2\/pages"}],"about":[{"href":"https:\/\/www.karantanija.org\/index.php?rest_route=\/wp\/v2\/types\/page"}],"author":[{"embeddable":true,"href":"https:\/\/www.karantanija.org\/index.php?rest_route=\/wp\/v2\/users\/1"}],"replies":[{"embeddable":true,"href":"https:\/\/www.karantanija.org\/index.php?rest_route=%2Fwp%2Fv2%2Fcomments&post=2"}],"version-history":[{"count":5,"href":"https:\/\/www.karantanija.org\/index.php?rest_route=\/wp\/v2\/pages\/2\/revisions"}],"predecessor-version":[{"id":58,"href":"https:\/\/www.karantanija.org\/index.php?rest_route=\/wp\/v2\/pages\/2\/revisions\/58"}],"wp:attachment":[{"href":"https:\/\/www.karantanija.org\/index.php?rest_route=%2Fwp%2Fv2%2Fmedia&parent=2"}],"curies":[{"name":"wp","href":"https:\/\/api.w.org\/{rel}","templated":true}]}}